10
Let j be -3*(-5)/(-75) + (-12 - 3432888/(-90)). What is the highest common divisor of j and 17?
17
Let x = -3295 - -3321. Calculate the highest common factor of 7358 and x.
26
Let r = -439635 + 439900. Let q(b) = 8*b + 5. Let i be q(6). Calculate the greatest common factor of r and i.
53
Let o = 3103 - 2543. Calculate the greatest common factor of 3 and o.
1
Let z(q) = 2796 - 3*q**3 + 2*q**3 - 2779 + 9*q**2 - 20*q. Let x be z(6). Suppose -x*r = -103 + 13. What is the highest common divisor of r and 63?
9
Let y be -10 + 16 + (-18)/2. Let l be y/(18/(-294))*(0 + 1). What is the greatest common factor of 42 and l?
7
Let z = 19 + -15. Suppose -3*i + 86 + 704 = z*k, 202 = k + 3*i. Let v = 297 + -269. Calculate the greatest common divisor of k and v.
28
Suppose 7 = -4*c - f + 3, f = -c + 2. Let z be c/((-16)/44) + 1/2. Suppose 0 = 4*o + z*o - 140. What is the greatest common divisor of o and 28?
14
Suppose -5*p = -d - 418, 4*d + 162 = 2*p + d. Let w = 583 - 580. Suppose q + 3*z - 22 = 0, 5*q = w*z + 39 + 107. What is the highest common divisor of p and q?
28
Let y = 50 + -47. Let u = -60 - -39. Let j be (u/7)/9 + 124/y. Calculate the highest common factor of j and 123.
41
Suppose -29*x + 30 = -24*x. Suppose -14*q = -10*q - 228. Calculate the highest common divisor of x and q.
3
Let n(g) = 3*g**2 - 3*g + 3. Let s be n(2). Suppose 9*t - 4*t = 575. Let f be (-2)/7 + t/35. What is the greatest common divisor of f and s?
3
Let y be 14 + 27 + -3 + 0. Suppose -3*u = -5*g - 662 - 981, -2765 = -5*u - 5*g. What is the highest common factor of u and y?
19
Suppose 221*f = 21*f + 48000. What is the highest common factor of f and 1040?
80
Suppose -13*g - 5*a = -8*g - 255, 2*g - a - 90 = 0. Let l be (-4)/((-12)/g) + 4/(-6). Calculate the highest common divisor of l and 480.
15
Suppose 0 = c + 2*c - 108. Let d be 666/8 - 6/24. Let x = 92 - d. Calculate the highest common factor of c and x.
9
Suppose 0 = -5*o + 4*v + 885, -4*v + 377 = 2*o + 51. Let b be 54/15 + (-10)/(-25) - o. Let r = -106 - b. Calculate the highest common divisor of r and 7.
7
Suppose -o + 3*w + 104 = 4*o, 4*o - 73 = -w. Let g = 1879 + -1803. Calculate the greatest common factor of o and g.
19
Let z(k) = k**2 + 65*k + 1038. Let l be z(-40). Calculate the highest common divisor of l and 152.
38
Let h = -9577 + 9613. Suppose 0*x + 3*x - 72 = 0. What is the highest common factor of h and x?
12
Let l = -74 - -125. Suppose -3*x + 3*u + 480 = 0, 2*x - 174 = u + 149. Let k = -146 + x. Calculate the greatest common divisor of k and l.
17
Suppose -62*m + 5310 = 27*m - 1810. Calculate the greatest common factor of 14020 and m.
20
Let a = -17375 - -17485. Calculate the greatest common divisor of 3920 and a.
10
Let x(a) = -2019*a - 10785. Let z be x(-11). What is the highest common divisor of z and 68?
68
Suppose 3*r = 6, -2*r - 282 = -4*h + r. Suppose 0*y = 2*y - 228. Let q = y - h. What is the highest common divisor of q and 105?
21
Let b = -5499 + 5675. What is the greatest common factor of 1188 and b?
44
Suppose p = 6*p - 4*g - 165, -3*g = 4*p - 163. Let r = p - -116. What is the highest common factor of r and 17?
17
Suppose 205 = -3*g + 580. Let s be 2/(-4)*-2*19. Suppose 17*h = s*h - 100. Calculate the greatest common factor of g and h.
25
Suppose k - 770 - 4499 - 1079 = 0. What is the greatest common factor of k and 24?
12
Let f = 244 + -539. Let m = 305 + f. What is the highest common divisor of m and 250?
10
Suppose -14*z = 22*z + 38*z - 31746. Calculate the greatest common factor of z and 704.
11
Suppose 36*h = 37*h + 2*o - 8073, h = 3*o + 8083. Calculate the highest common factor of h and 394.
197
Let t(w) = w**3 - 6*w**2 + w - 3. Let b be t(9). What is the highest common factor of b and 21?
3
Suppose 0*g - 4*g - 27 = f, 0 = -4*f + g - 159. Suppose v + 96 = 3*u + 56, 4*u + 47 = -v. Let z = f - v. Calculate the highest common divisor of 28 and z.
4
Suppose 0 = -4*n - 19 - 161. Let b be (-14)/(-21) + 249/(-9). Let o be 10/n - 1518/b. Calculate the greatest common divisor of 7 and o.
7
Let u = 2108 + -808. Calculate the highest common divisor of u and 65.
65
Suppose 34*v + 1251 = -279. Let g(l) = -l**2 - 47*l - 70. Let t be g(v). What is the greatest common factor of t and 460?
20
Let n be 28*(-3)/9*(-3)/2. Suppose 4*o - n = -2*p, 8 = p + p - 2*o. Suppose -3*l + 1 = -2, -q - p*l = -71. Calculate the greatest common factor of q and 165.
33
Let c be 348/1276 - 48/(-66). Calculate the greatest common divisor of 881 and c.
1
Suppose -23652 = -17*n - n. Let v(z) = -z**3 + 22*z**2 - 18*z - 45. Let a be v(21). Calculate the greatest common divisor of a and n.
18
Let y = -2 - -6. Let a = -271 + 270. Let k be (-7)/35*5*1*a. What is the highest common factor of y and k?
1
Suppose -29 = -4*g - 1. Suppose 214 = -6*x + 592. Calculate the highest common divisor of x and g.
7
Let f be (23/138)/(1/2)*9. Suppose -5*k = 4*b - 66, 2*k - b + f*b - 28 = 0. Calculate the greatest common factor of 105 and k.
5
Suppose 5052 + 243574 = 23*u - 89267. What is the greatest common divisor of u and 249?
249
Let b be (-407770)/1011*(-18)/5. What is the greatest common factor of 3960 and b?
132
Let x = 16138 - 15819. What is the greatest common factor of x and 493?
29
Let t = 46 - 42. Suppose -3*s - w + 11 = 0, t*s + w - 10 = 6. Suppose 64 - 4 = s*h. Calculate the greatest common factor of h and 6.
6
Suppose 9*a - 12 = -66. Let q be (-128)/a*(-42)/(-56). Calculate the highest common divisor of 1 and q.
1
Suppose 237 = 8*u - 6603. What is the greatest common factor of u and 90?
45
Let y = 157 + -152. Suppose 0 = y*f - 25, -5*p = -0*f + 2*f - 25. What is the highest common divisor of p and 27?
3
Let z be 5/(-9 - (-5)/(140/287)) + 772. Calculate the greatest common factor of 72 and z.
8
Let r(k) be the second derivative of -k**4/12 - 2*k**3 + 6*k. Let a be r(-12). Suppose a = 5*n - 63 + 48. Calculate the greatest common factor of 6 and n.
3
Suppose -2*w - 4*k + 96 = 0, k + 5 + 71 = 2*w. Suppose 5*a - 160 = -2*x, 2*a - 2*x - 38 = w. Calculate the greatest common factor of a and 34.
34
Let h(w) = w**2 - 8*w + 3. Let j = -88 - -34. Let d be j/90 + 43/5. Let q be h(d). Calculate the highest common factor of q and 12.
3
Let k = -14 + 146. Let q(z) = 10*z**2 - 99*z + 74. Let n be q(10). What is the highest common divisor of n and k?
12
Let l(v) = 1698*v + 861. Let y be l(0). Calculate the highest common divisor of y and 2296.
287
Let q = 1016 - 1517. Let h = -271 - q. What is the greatest common factor of h and 138?
46
Let p = 38 - 27. Suppose 22 = 4*q - 5*y - p, q + 4*y = 24. What is the greatest common factor of q and 42?
6
Let a(d) = -d**2 - 8*d + 113. Let h be a(-13). Calculate the greatest common divisor of 372 and h.
12
Suppose 6 = 3*p, -8635 = 235*z - 236*z + 2*p. Calculate the greatest common divisor of z and 212.
53
Let s(z) = -87*z - 1543. Let l be s(-19). What is the highest common factor of l and 154?
22
Let h be (3/(2 - 11))/((-297)/34749). What is the highest common factor of 1469 and h?
13
Suppose 0 = -48*s - 7*s + 7095. Suppose -49*o = -116 - s. Calculate the greatest common divisor of o and 295.
5
Let m be (-4 + 5 - (3 + 7))/(1/(-38)). Calculate the highest common divisor of 306 and m.
18
Suppose -1739 = -5*h + 2*q + 846, 0 = -h + 4*q + 517. What is the greatest common factor of 22 and h?
11
Let c(r) = r + 99. Let v be c(0). Suppose -3*a = -3*x + v, -x = 2*a + a + 87. Let k be (-3)/(-9) - 710/a. What is the highest common factor of k and 12?
12
Let f be ((-4)/(-12))/((-1)/(-111)). Let g = f + -37. Suppose 5*o - 25 = g, -52 = -3*d - 2*o + 54. Calculate the greatest common factor of 80 and d.
16
Let o(f) = -f**3 - 4*f**2 - f + 8. Let c be o(-4). Let w be (-16)/c - 16/(-3). Let m be (w/(-6))/((-2)/69). What is the greatest common factor of 184 and m?
23
Suppose 0 = -r - 2*q - 67 + 152, 10*r - q = 640. Let p be 10*1/(3 + -1). Calculate the greatest common divisor of p and r.
5
Suppose -243504 = -278*i + 230*i. Calculate the highest common factor of i and 19.
19
Let d be (21*1 + -15 + 6)*14/6. Calculate the greatest common factor of 808 and d.
4
Let u = 69 + -67. Let m be (138/8)/(13/(-8) + u). Let q = m + -45. Calculate the greatest common factor of 3 and q.
1
Let i be (-25)/5 + 15 - -6. Suppose 0 = i*a - 4*a - 288. Calc